llions digit of 1663317751?
6
What is the millions digit of 525932790?
5
What is the hundreds digit of 27864046?
0
What is the hundred millions digit of 132456737?
1
What is the hundred thousands digit of 761341569?
3
What is the ten thousands digit of 1603426057?
2
What is the hundreds digit of 1110817593?
5
What is the thousands digit of 621582926?
2
What is the hundreds digit of 5703783?
7
What is the tens digit of 47971891?
9
What is the millions digit of 49121717?
9
What is the hundred thousands digit of 1127035284?
0
What is the ten millions digit of 355918642?
5
What is the hundred millions digit of 241236850?
2
What is the tens digit of 911559098?
9
What is the hundred millions digit of 111044530?
1
What is the ten millions digit of 545646877?
4
What is the hundred thousands digit of 102404575?
4
What is the hundreds digit of 3989558404?
4
What is the hundred thousands digit of 217037163?
0
What is the units digit of 744936561?
1
What is the millions digit of 47354207?
7
What is the hundred thousands digit of 6076510428?
5
What is the hundred millions digit of 281322962?
2
What is the thousands digit of 167916112?
6
What is the hundreds digit of 253963632?
6
What is the ten millions digit of 613159008?
1
What is the units digit of 78513820?
0
What is the thousands digit of 281353958?
3
What is the ten thousands digit of 46953288?
5
What is the hundred thousands digit of 2730341093?
3
What is the ten thousands digit of 66101625?
0
What is the millions digit of 1532669752?
2
What is the ten millions digit of 4710031257?
1
What is the units digit of 29492171?
1
What is the ten millions digit of 72479591?
7
What is the hundreds digit of 46389524?
5
What is the ten thousands digit of 4546625581?
2
What is the hundreds digit of 323618379?
3
What is the hundreds digit of 5580507?
5
What is the hundreds digit of 6587064166?
1
What is the hundred millions digit of 4681417088?
6
What is the millions digit of 217918720?
7
What is the ten millions digit of 668712040?
6
What is the millions digit of 121512775?
1
What is the hundreds digit of 354620176?
1
What is the units digit of 479351630?
0
What is the ten millions digit of 5637207728?
3
What is the units digit of 1429548785?
5
What is the hundreds digit of 85154652?
6
What is the hundred thousands digit of 62516449?
5
What is the thousands digit of 3568454958?
4
What is the ten millions digit of 16136017?
1
What is the ten millions digit of 3916210206?
1
What is the thousands digit of 1593669276?
9
What is the millions digit of 59214515?
9
What is the hundred thousands digit of 77100422?
1
What is the ten thousands digit of 217757023?
5
What is the billions digit of 3984314418?
3
What is the thousands digit of 5802138122?
8
What is the thousands digit of 195692589?
2
What is the tens digit of 23822247?
4
What is the hundred millions digit of 499285465?
4
What is the hundred millions digit of 146666122?
1
What is the ten thousands digit of 109790019?
9
What is the ten millions digit of 547899312?
4
What is the hundred thousands digit of 33047404?
0
What is the hundred millions digit of 244943002?
2
What is the hundred thousands digit of 3708306269?
3
What is the units digit of 121282709?
9
What is the tens digit of 48520938?
3
What is the hundred thousands digit of 535115555?
1
What is the hundred thousands digit of 70259520?
2
What is the tens digit of 447000494?
9
What is the tens digit of 4779669063?
6
What is the hundreds digit of 37700636?
6
What is the units digit of 64749203?
3
What is the millions digit of 236324647?
6
What is the hundred millions digit of 944957257?
9
What is the millions digit of 6407048075?
7
What is the thousands digit of 1247031635?
1
What is the hundred thousands digit of 779774874?
7
What is the hundred millions digit of 1115182217?
1
What is the hundred thousands digit of 46719084?
7
What is the hundreds digit of 5231338020?
0
What is the hundred thousands digit of 98291833?
2
What is the millions digit of 23821308?
3
What is the hundreds digit of 356878344?
3
What is the ten thousands digit of 40598084?
9
What is the hundreds digit of 5291991242?
2
What is the thousands digit of 44197765?
7
What is the millions digit of 28446445?
8
What is the hundred millions digit of 2479782795?
4
What is the units digit of 141612227?
7
What is the tens digit of 4579818238?
3
What is the thousands digit of 426111781?
1
What is the ten thousands digit of 765347699?
4
What is the thousands digit of 639264918?
4
What is the thousands digit of 187170378?
0
What is the thousands digit of 30083497?
3
What is the ten millions digit of 3481035041?
8
What is the hundred thousands digit of 29928756?
9
What is the hundreds digit of 89258906?
9
What is the hundreds digit of 174199748?
7
What is the thousands digit of 101453516?
3
What is the hundreds digit of 2918747756?
7
What is the ten thousands digit of 3212327?
1
What is the hundred millions digit of 237524762?
2
What is the hundred thousands digit of 1538318118?
3
What is the units digit of 50956389?
9
What is the hundred millions digit of 1600249579?
6
What is the hundreds digit of 1200882646?
6
What is the hundred thousands digit of 336328250?
3
What is the units digit of 118008721?
1
What is the ten millions digit of 731774737?
3
What is the hundred millions digit of 417029816?
4
What is the ten millions digit of 79429741?
7
What is the millions digit of 88548408?
8
What is the units digit of 1258668413?
3
What is the tens digit of 1078055588?
8
What is the billions digit of 4090467916?
4
What is the millions digit of 32081693?
2
What is the millions digit of 196828677?
6
What is the ten millions digit of 541248694?
4
What is the units digit of 10502234?
4
What is the ten thousands digit of 31990113?
9
What is the tens digit of 230750804?
0
What is the hundred thousands digit of 2333353761?
3
What is the hundreds digit of 53166623?
6
What is the ten thousands digit of 127579481?
7
What is the ten thousands digit of 70381843?
8
What is the billions digit of 2762553799?
2
What is the thousands digit of 3830996230?
6
What is the hundred millions digit of 123855420?
1
What is the ten thousands digit of 27048605?
4
What is the ten thousands digit of 208124885?
2
What is the hundred millions digit of 645933265?
6
What is the ten thousands digit of 700075258?
7
What is the ten millions digit of 588301939?
8
What is the thousands digit of 1551433462?
3
What is the ten thousands digit of 1227142117?
4
What is the millions digit of 248304245?
8
What is the ten thousands digit of 53373111?
7
What is the thousands digit of 86583393?
3
What is the hundreds digit of 466691523?
5
What is the tens digit of 149441745?
4
What is the hundred millions digit of 2314601768?
3
What is the ten millions digit of 572264240?
7
What is the millions digit of 84781488?
4
What is the hundred thousands digit of 6841528943?
5
What is the ten thousands digit of 30150424?
5
What is the hundred millions digit of 112783379?
1
What is the millions digit of 1511479709?
1
What is the units digit of 108275395?
5
What is the hundred thousands digit of 2978723954?
7
What is the hundreds digit of 120464392?
3
What is the units digit of 127140944?
4
What is the millions digit of 204053099?
4
What is the tens digit of 130312732?
3
What is the ten thousands digit of 316635239?
3
What is the hundred millions digit of 8855999982?
8
What is the ten thousands digit of 88728620?
2
What is the ten thousands digit of 476284124?
8
What is the thousands digit of 192240893?
0
What is the ten millions digit of 739337876?
3
What is the ten thousands digit of 168242750?
4
What is the ten millions digit of 455256533?
5
What is the ten millions digit of 122263865?
2
What is the units digit of 105231799?
9
What is the units digit of 165083893?
3
What is the hundred thousands digit of 254764704?
7
What is the hundred thousands digit of 69485860?
4
What is the billions digit of 5215275563?
5
What is the units digit of 91145604?
4
What is the tens digit of 2428872936?
3
What is the tens digit of 259526002?
0
What is the ten thousands digit of 44467528?
6
What is the ten millions digit of 73442936?
7
What is the hundred thousands digit of 1833952520?
9
What is the hundred millions digit of 